hen 3798 is divided by 2917?
881
Calculate the remainder when 84472 is divided by 13.
11
What is the remainder when 184888 is divided by 55?
33
What is the remainder when 73425 is divided by 84?
9
Calculate the remainder when 101022 is divided by 34.
8
What is the remainder when 15417 is divided by 15363?
54
Calculate the remainder when 33306 is divided by 4757.
7
What is the remainder when 7646 is divided by 393?
179
Calculate the remainder when 824 is divided by 819.
5
What is the remainder when 15087 is divided by 196?
191
What is the remainder when 1698591 is divided by 3254?
3
What is the remainder when 192917 is divided by 18?
11
What is the remainder when 10385 is divided by 31?
0
What is the remainder when 20137 is divided by 694?
11
Calculate the remainder when 533778 is divided by 88963.
0
Calculate the remainder when 5499 is divided by 34.
25
Calculate the remainder when 143225 is divided by 2046.
5
What is the remainder when 3609 is divided by 1612?
385
Calculate the remainder when 1568479 is divided by 364.
3
Calculate the remainder when 25602 is divided by 4266.
6
What is the remainder when 3805 is divided by 701?
300
What is the remainder when 688 is divided by 231?
226
Calculate the remainder when 780943 is divided by 13236.
19
What is the remainder when 21821 is divided by 1358?
93
Calculate the remainder when 21796 is divided by 10880.
36
Calculate the remainder when 2691701 is divided by 2033.
9
Calculate the remainder when 8864 is divided by 474.
332
Calculate the remainder when 1122675 is divided by 77.
15
Calculate the remainder when 3169118 is divided by 703.
697
What is the remainder when 56152 is divided by 81?
19
What is the remainder when 2985 is divided by 162?
69
Calculate the remainder when 8865 is divided by 55.
10
What is the remainder when 15939 is divided by 165?
99
What is the remainder when 174224 is divided by 75?
74
What is the remainder when 9715 is divided by 55?
35
Calculate the remainder when 741 is divided by 406.
335
What is the remainder when 318051 is divided by 270?
261
What is the remainder when 17052 is divided by 8332?
388
What is the remainder when 112 is divided by 58?
54
What is the remainder when 4672 is divided by 1153?
60
Calculate the remainder when 37037 is divided by 37.
0
Calculate the remainder when 116170 is divided by 6.
4
What is the remainder when 71468 is divided by 581?
5
Calculate the remainder when 1271 is divided by 11.
6
Calculate the remainder when 126322 is divided by 12.
10
Calculate the remainder when 22809 is divided by 7478.
375
What is the remainder when 10551 is divided by 1506?
9
Calculate the remainder when 583004 is divided by 48.
44
Calculate the remainder when 2969 is divided by 115.
94
Calculate the remainder when 91874 is divided by 91865.
9
Calculate the remainder when 13822 is divided by 229.
82
What is the remainder when 3264 is divided by 643?
49
What is the remainder when 478 is divided by 323?
155
Calculate the remainder when 138802 is divided by 23.
20
Calculate the remainder when 2904 is divided by 291.
285
What is the remainder when 4911 is divided by 34?
15
Calculate the remainder when 211674 is divided by 980.
974
What is the remainder when 3802 is divided by 260?
162
Calculate the remainder when 858 is divided by 789.
69
Calculate the remainder when 13897 is divided by 1069.
0
Calculate the remainder when 112727 is divided by 737.
703
What is the remainder when 7128 is divided by 31?
29
Calculate the remainder when 38607 is divided by 165.
162
What is the remainder when 2369 is divided by 1183?
3
Calculate the remainder when 18565 is divided by 1160.
5
What is the remainder when 4770964 is divided by 1517?
1516
What is the remainder when 41620 is divided by 24?
4
Calculate the remainder when 2662 is divided by 258.
82
Calculate the remainder when 1305 is divided by 347.
264
What is the remainder when 312884 is divided by 153?
152
Calculate the remainder when 1039 is divided by 682.
357
Calculate the remainder when 2044607 is divided by 12.
11
Calculate the remainder when 10052 is divided by 1435.
7
What is the remainder when 41055 is divided by 3158?
1
Calculate the remainder when 92461 is divided by 36.
13
What is the remainder when 8246 is divided by 54?
38
What is the remainder when 173784 is divided by 62?
60
Calculate the remainder when 5733 is divided by 2751.
231
Calculate the remainder when 16965 is divided by 595.
305
Calculate the remainder when 2055336 is divided by 123.
6
What is the remainder when 51458 is divided by 10?
8
Calculate the remainder when 23874 is divided by 86.
52
Calculate the remainder when 170878 is divided by 403.
6
What is the remainder when 5863 is divided by 2774?
315
Calculate the remainder when 72853 is divided by 354.
283
Calculate the remainder when 5131 is divided by 58.
27
Calculate the remainder when 1663 is divided by 285.
238
What is the remainder when 193519 is divided by 46?
43
What is the remainder when 35529 is divided by 75?
54
Calculate the remainder when 62385 is divided by 13.
11
Calculate the remainder when 2488 is divided by 137.
22
Calculate the remainder when 1494 is divided by 409.
267
Calculate the remainder when 1627 is divided by 50.
27
What is the remainder when 8184 is divided by 174?
6
What is the remainder when 123661 is divided by 113?
39
What is the remainder when 1033 is divided by 417?
199
Calculate the remainder when 3329 is divided by 74.
73
What is the remainder when 6380 is divided by 2028?
296
What is the remainder when 37016 is divided by 12297?
125
Calculate the remainder when 136974 is divided by 97.
10
Calculate the remainder when 1952 is divided by 212.
44
Calculate the remainder when 10838 is divided by 9.
2
What is the remainder when 865 is divided by 695?
170
What is the remainder when 1515 is divided by 505?
0
Calculate the remainder when 1244429 is divided by 297.
296
What is the remainder when 34636 is divided by 101?
94
What is the remainder when 829140 is divided by 4?
0
What is the remainder when 5704 is divided by 458?
208
Calculate the remainder when 4048 is divided by 128.
80
Calculate the remainder when 43395 is divided by 103.
32
What is the remainder when 18899 is divided by 6284?
47
Calculate the remainder when 34079 is divided by 965.
304
What is the remainder when 7126 is divided by 1088?
598
What is the remainder when 75490 is divided by 363?
349
Calculate the remainder when 232409 is divided by 15.
14
What is the remainder when 60575 is divided by 1143?
1139
What is the remainder when 118614 is divided by 175?
139
Calculate the remainder when 23207 is divided by 139.
133
What is the remainder when 18489 is divided by 3697?
4
What is the remainder when 30166 is divided by 38?
32
Calculate the remainder when 154343 is divided by 1559.
2
What is the remainder when 34541 is divided by 117?
26
What is the remainder when 11468 is divided by 71?
37
What is the remainder when 1631 is divided by 1554?
77
What is the remainder when 104930 is divided by 4?
2
What is the remainder when 5343 is divided by 16?
15
Calculate the remainder when 1020 is divided by 253.
8
What is the remainder when 125320 is divided by 23?
16
Calculate the remainder when 81179 is divided by 944.
939
What is the remainder when 5878 is divided by 24?
22
What is the remainder when 48474 is divided by 480?
474
What is the remainder when 86816 is divided by 20?
16
What is the remainder when 21827 is divided by 5?
2
What is the remainder when 2763 is divided by 103?
85
What is the remainder when 44085 is divided by 802?
777
What is the remainder when 1963 is divided by 818?
327
What is the remainder when 221599 is divided by 91?
14
What is the remainder when 8392 is divided by 1048?
8
What is the remainder when 190317 is divided by 39?
36
Calculate the remainder when 9775 is divided by 3163.
286
Calculate the remainder when 1089793 is divided by 363263.
4
Calculate the remainder when 28184 is divided by 9366.
86
Calculate the remainder when 11439 is divided by 1269.
18
What is the remainder when 37925 is divided by 98?
97
Calculate the remainder when 74920 is divided by 46.
32
What is the remainder when 2397998 is divided by 500?
498
What is the remainder when 1756 is divided by 2?
0
Calc